s 1153195349 composite?
True
Is 43414095503 a prime number?
True
Is 41524109459 prime?
False
Is 2194673077 a composite number?
True
Is 3083856283 composite?
False
Is 1720385717 prime?
False
Is 30961858783 prime?
True
Is 16645766197 composite?
True
Is 7397375473 composite?
False
Is 773693149 a prime number?
True
Is 3347707457 composite?
False
Is 8970399047 composite?
True
Is 7935693319 a prime number?
True
Is 250096589 a prime number?
True
Is 156151183 a prime number?
False
Is 834509293 composite?
True
Is 33875310193 prime?
False
Is 1284557633 composite?
True
Is 3469900817 prime?
True
Is 89212861 a composite number?
False
Is 1571048337 composite?
True
Is 88299523 a composite number?
True
Is 1544103107 a composite number?
False
Is 5091553235 composite?
True
Is 126079725311 composite?
True
Is 2120171227 composite?
False
Is 670136603 a prime number?
True
Is 4782671527 prime?
False
Is 52973393843 prime?
True
Is 4223208991 a composite number?
True
Is 65269549693 prime?
False
Is 198677863 a composite number?
False
Is 55650305 composite?
True
Is 1789360042 composite?
True
Is 11227458943 prime?
True
Is 13020915239 prime?
False
Is 39581771 prime?
False
Is 8106618719 a prime number?
True
Is 2972121589 prime?
True
Is 3101453611 composite?
False
Is 21453733703 a prime number?
True
Is 294813469 prime?
False
Is 2528405273 a composite number?
False
Is 2548764181 a prime number?
True
Is 13399368977 a composite number?
False
Is 26559296417 prime?
True
Is 546473561 prime?
True
Is 120943449451 a composite number?
True
Is 1439211889 a composite number?
True
Is 876060635 composite?
True
Is 21741087493 a composite number?
True
Is 2228096479 a prime number?
False
Is 5970813019 a composite number?
False
Is 3174418771 prime?
False
Is 1579339631 a composite number?
True
Is 24918145961 a composite number?
False
Is 645989327 a prime number?
False
Is 2219843243 composite?
True
Is 36677774051 a prime number?
True
Is 503117401 a composite number?
True
Is 164666417 prime?
False
Is 115825234731 a composite number?
True
Is 1128499105 composite?
True
Is 1681691507 a prime number?
True
Is 833429803 prime?
False
Is 1025657597 a composite number?
True
Is 6394956697 a composite number?
False
Is 12385908949 prime?
False
Is 9704119427 composite?
True
Is 219969667 a prime number?
True
Is 5630648809 composite?
False
Is 605052289 prime?
False
Is 1009408129 a composite number?
True
Is 15999936871 a prime number?
False
Is 2251540861 a composite number?
False
Is 51399177169 prime?
False
Is 51334797667 prime?
False
Is 12203917633 prime?
True
Is 367463519 a prime number?
True
Is 910967221 composite?
False
Is 6905972357 composite?
True
Is 8473976233 composite?
True
Is 2083646221 a prime number?
False
Is 168723407 a prime number?
False
Is 21323695051 a prime number?
False
Is 8490445 prime?
False
Is 2088677737 a composite number?
False
Is 61317328759 prime?
True
Is 1488003593 a prime number?
True
Is 829654346 prime?
False
Is 217491359 composite?
False
Is 662959477 a prime number?
True
Is 91726398979 a composite number?
False
Is 8931313331 prime?
False
Is 23668939201 composite?
False
Is 87620055571 a prime number?
False
Is 674899889 composite?
True
Is 1290881719 prime?
True
Is 248679589 a composite number?
True
Is 114149914282 prime?
False
Is 6279173753 a prime number?
True
Is 1403949661 composite?
False
Is 23735256257 a composite number?
False
Is 5853016013 a prime number?
False
Is 1684238221 composite?
True
Is 147932545 a prime number?
False
Is 4912001263 a composite number?
True
Is 11105002445 composite?
True
Is 62909009 a composite number?
True
Is 1541278561 composite?
False
Is 42795462001 a prime number?
True
Is 133313846291 composite?
False
Is 100182319 composite?
True
Is 278687407 prime?
False
Is 2368288669 a prime number?
False
Is 141335723 prime?
True
Is 149209449071 a prime number?
False
Is 24289946309 a prime number?
False
Is 3152764781 a prime number?
False
Is 39047849 prime?
False
Is 28221688679 a prime number?
True
Is 119310719107 a prime number?
True
Is 6340711337 composite?
False
Is 1259155873 a prime number?
True
Is 8811417253 prime?
True
Is 830418695 a prime number?
False
Is 9758150111 prime?
False
Is 71573487863 prime?
False
Is 1222826593 prime?
True
Is 890555881 composite?
False
Is 104476303003 prime?
True
Is 5425105267 prime?
True
Is 118746170819 composite?
False
Is 1108919243 prime?
True
Is 10076849479 composite?
False
Is 32167151363 a composite number?
True
Is 4188719009 a prime number?
False
Is 4320518641 prime?
False
Is 546358889 a prime number?
False
Is 8136979055 composite?
True
Is 671619727 a composite number?
False
Is 7524418709 prime?
True
Is 408454157 a composite number?
True
Is 2560456187 a prime number?
False
Is 1156970711 composite?
True
Is 2838340649 composite?
False
Is 1591485091 a prime number?
False
Is 409886227 prime?
True
Is 257299606643 composite?
True
Is 162132401 a prime number?
True
Is 4289277917 composite?
False
Is 3061781509 composite?
False
Is 12400854353 prime?
True
Is 200991883 composite?
False
Is 69309822083 a composite number?
True
Is 22525512103 prime?
True
Is 32280851 a prime number?
False
Is 96301515397 a composite number?
True
Is 460354457 composite?
False
Is 4418711461 a composite number?
True
Is 357578783 a composite number?
False
Is 44998301 a composite number?
False
Is 777744547 prime?
False
Is 3362262213 prime?
False
Is 11994034561 a composite number?
False
Is 6975281465 a prime number?
False
Is 554176327 a prime number?
True
Is 83297134 a prime number?
False
Is 4118932969 composite?
False
Is 19765745899 a prime number?
True
Is 1581703967 prime?
False
Is 86836843 prime?
False
Is 8859179639 prime?
False
Is 3077436209 prime?
True
Is 622932143 composite?
True
Is 30571885763 prime?
True
Is 65991055159 a composite number?
False
Is 55067153 a prime number?
True
Is 266826457 a composite number?
False
Is 296641351 a composite number?
False
Is 57058313999 a composite number?
False
Is 5156698809 prime?
False
Is 6294438589 a prime number?
False
Is 21955295417 a prime number?
False
Is 38851749635 a composite number?
True
Is 9161944489 composite?
False
Is 1648154741 composite?
False
Is 49633817 a prime number?
True
Is 8112061257 a composite number?
True
Is 11837910473 composite?
True
Is 2086791699 a prime number?
False
Is 924431699 a prime number?
True
Is 18225113707 a composite number?
True
Is 2541498041 composite?
False
Is 749045743 prime?
False
Is 135988543 a prime number?
True
Is 296351813 a composite number?
True
Is 144613333 prime?
False
Is 152057923 a prime number?
True
Is 215347933 a prime number?
True
Is 27254687749 composite?
False
Is 4928431373 prime?
False
Is 105799514581 a composite number?
False
Is 28726519453 prime?
False
Is 22663607 a composite number?
True
Is 473486147 a composite number?
True
Is 2464998733 a prime number?
True
Is 221243511941 composite?
False
Is 2173122527 a composite number?
True
Is 6593358977 prime?
True
Is 40576957847 composite?
True
Is 532973329 a composite number?
True
Is 244106132639 a composite number?
False
Is 21370409897 a composite number?
False
Is 8557855049 a prime number?
False
Is 5665037237 a prime number?
False
Is 295626101081 a prime number?
True
Is 150290192233 a prime number?
True
Is 16232423309 a composite number?
True
Is 2054890187 prime?
False
Is 2210882539 a composite number?
True
Is 923962483 a composite number?
True
Is 170692043 a composite number?
False
Is 405420439 a prime number?
True
Is 4526526421 composite?
False
Is 629007491 a prime number?
False
Is 5634443 a prime number?
True
Is 11984445683 a composite number?
True
Is 263004811 a prime number?
True
Is 949153097 prime?
False
Is 145776163 a prime number?
False
Is 2392030211 a composite number?
False
Is 228572593 prime?
True
Is 30337263107 prime?
True
Is 433535337481 a prime number?
True
Is 1582223635 prime?
False
Is 30094027913 composite?
False
Is 5734207469 composite?
True
Is 641098877 composite?
False
Is 2110762499 a prime number?
True
Is 188609710885 composite?
True
Is 63673053 composite?
True
Is 2939707213 a composite number?
False
Is 51173429071 prime?
True
Is 790906529 composite?
True
Is 9147431 a prime number?
True
Is 303592183 a composite number?
False
Is 195708101 a prime number?
True
Is 4729850105 composite?
True
Is 22853